4
Let d(s) = -4210*s + 101049. Give d(24).
9
Let k(x) = -871*x - 304844. Determine k(-350).
6
Let m(l) = 3*l**3 - 228*l**2 - 114*l + 7744. What is m(76)?
-920
Let b(c) = 516*c + 104640. Give b(-203).
-108
Let u(s) = -s**2 + 217160*s - 2171463. Determine u(10).
37
Let s(u) = 1350*u**2 - 21598*u - 17. Determine s(16).
15
Let v(z) = 103*z**2 + 5681*z + 881. What is v(-55)?
1
Let c(m) = -1779*m - 208137. Give c(-117).
6
Let f(i) = i**2 - 38*i - 200351. Calculate f(-429).
-8
Let a(t) = 7468*t + 134424. Determine a(-18).
0
Let k(s) = 60*s**2 + 14059*s + 18419. Calculate k(-233).
12
Let x(l) = -1742*l - 24385. What is x(-14)?
3
Let x(c) = 20*c**3 + 94*c**2 + 95*c + 86. Determine x(-4).
-70
Let t(z) = -z**3 - 89*z**2 - 79*z + 1229. Calculate t(-88).
437
Let i(f) = -4*f**2 - 53*f + 2147. Calculate i(20).
-513
Let u(w) = 42*w**2 - 2169*w + 3425. What is u(50)?
-25
Let q(a) = -8076*a + 48539. Determine q(6).
83
Let o(n) = -n**3 - 10*n**2 + 19*n - 38. What is o(-10)?
-228
Let g(x) = -2056*x + 300187. Determine g(146).
11
Let x(y) = -208*y - 1261. Determine x(5).
-2301
Let t(z) = 6*z**3 + 102*z**2 + 601*z - 22. What is t(-7)?
-1289
Let q(p) = 6714*p + 2887012. Calculate q(-430).
-8
Let b(z) = -447*z - 1221. What is b(-4)?
567
Let z(j) = 8*j**3 - 44*j**2 + 32*j - 92. Give z(5).
-32
Let f(q) = -84016*q - 419738. Determine f(-5).
342
Let p(l) = -1324*l + 45085. Calculate p(34).
69
Let i(t) = 2*t**3 - 90*t**2 - 614*t - 204. Determine i(51).
-306
Let f(a) = 469*a + 816. What is f(-2)?
-122
Let g(c) = -333044*c - 666146. What is g(-2)?
-58
Let h(m) = 9*m**3 - 38*m**2 + 199*m - 768. Calculate h(4).
-4
Let t(n) = -2859*n + 34335. Determine t(12).
27
Let h(w) = -161640*w + 5334147. Determine h(33).
27
Let f(b) = 339152*b - 35271812. Give f(104).
-4
Let a(b) = -b**3 + 29*b**2 - 24*b - 882. Determine a(28).
-770
Let g(v) = -v**3 + 13*v**2 - 55*v + 79. Give g(7).
-12
Let x(b) = 3*b**2 + 53*b - 3535. What is x(29)?
525
Let g(m) = 2*m**3 - 797*m**2 - 558*m - 256828. Calculate g(400).
-28
Let c(b) = 5*b**2 - 410933*b - 1643763. Calculate c(-4).
49
Let t(h) = -868*h + 32054. Determine t(37).
-62
Let g(r) = -r**2 - 836*r + 26885. Give g(31).
8
Let c(t) = -74052*t - 295352. Give c(-4).
856
Let v(a) = 79*a**2 + 815*a - 590. Calculate v(-11).
4
Let n(w) = 182*w**3 - 581*w**2 + 117*w - 31. What is n(3)?
5
Let w(o) = 5*o**2 + 8745*o + 86942. Determine w(-10).
-8
Let h(l) = l**3 - 35*l - 33. What is h(9)?
381
Let u(y) = -549*y - 605. Give u(-1).
-56
Let i(j) = j**3 + 25*j**2 - 269*j. Give i(-36).
-4572
Let n(u) = -78*u**2 + 1805*u - 207. Give n(23).
46
Let b(z) = -3*z**3 + 41*z**2 - z - 32. What is b(13)?
293
Let s(b) = -b**3 + 11*b**2 + 225*b + 236. Calculate s(19).
1623
Let u(p) = 170*p - 3227. Calculate u(20).
173
Let b(n) = -832*n - 20626. Calculate b(-25).
174
Let o(c) = 145*c**3 - 61045*c**2 - 3*c + 1268. Determine o(421).
5
Let l(s) = s**3 - 4*s**2 + 173*s - 699. Determine l(6).
411
Let f(d) = d**3 + 176*d**2 + 1714*d + 81. What is f(-10)?
-459
Let y(x) = 2137*x + 36335. Determine y(-17).
6
Let s(u) = u**3 - 6*u**2 - 94*u + 508. Determine s(10).
-32
Let s(b) = -40818*b - 612266. What is s(-15)?
4
Let z(j) = j**3 - 9*j**2 - 31*j + 145. Give z(3).
-2
Let x(f) = -26067*f - 2580628. Determine x(-99).
5
Let f(h) = -2*h**2 - 1581*h + 44140. Determine f(27).
-5
Let d(o) = -o**3 + 132*o**2 - 4672*o + 26550. What is d(7)?
-29
Let z(s) = 2*s**3 - 504*s**2 + 1123*s - 30738. What is z(250)?
12
Let d(w) = w**3 - 23*w**2 + 578*w - 20156. What is d(28)?
-52
Let d(w) = 7070*w + 162601. Calculate d(-23).
-9
Let a(i) = 11862*i - 1494614. What is a(126)?
-2
Let q(m) = 6*m**3 - 94*m**2 + 83*m - 263. Calculate q(15).
82
Let u(i) = 2*i**2 + 397*i - 9724. What is u(-220)?
-264
Let r(x) = -114*x**2 + 989*x + 80. Give r(9).
-253
Let w(a) = a**3 - 191*a**2 - 2703*a + 14170. Determine w(-17).
9
Let a(s) = -2*s**2 + 264*s + 159470. Calculate a(-224).
-18
Let b(a) = 545*a + 136894. What is b(-248)?
1734
Let n(w) = w**3 + 12*w**2 + 116*w + 1352. Give n(-12).
-40
Let d(o) = -3*o**3 - 7*o**2 - 103*o - 522. Give d(-5).
193
Let b(i) = -2129*i - 95782. Calculate b(-45).
23
Let u(r) = -19596*r + 470342. Determine u(24).
38
Let j(k) = -820*k - 10010. Determine j(-11).
-990
Let s(w) = w**2 + 4883*w + 440750. Determine s(-92).
-22
Let h(q) = q**3 - 41*q**2 + 389*q + 23. Determine h(25).
-252
Let r(a) = -208422*a + 2917908. Give r(14).
0
Let w(r) = -4*r**3 - 7*r**2 - 7*r - 90. What is w(-6)?
564
Let y(v) = v**2 + 3657*v + 401385. Calculate y(-113).
913
Let s(i) = i**2 - 2496346*i + 4992690. What is s(2)?
2
Let f(b) = b**3 + 22*b**2 - 1479*b + 4191. Determine f(-52).
-21
Let d(h) = -5*h**2 + 421*h - 8537. What is d(34)?
-3
Let k(t) = -t**3 - 45*t**2 - 470*t - 76463. Calculate k(-59).
1
Let n(g) = 23*g**2 + 21*g + 36. What is n(0)?
36
Let l(h) = -h**3 + 74*h**2 - 365*h + 1540. Determine l(69).
160
Let r(g) = 2*g**3 - 39*g**2 + 110*g + 627. Determine r(14).
11
Let q(f) = f**3 + 151*f**2 - 12121*f + 197. Calculate q(-209).
-12
Let m(c) = 3397*c + 373833. Calculate m(-110).
163
Let f(s) = -646*s + 95615. What is f(148)?
7
Let a(p) = -295*p + 33521. What is a(114)?
-109
Let x(m) = 453*m - 38047. Calculate x(82).
-901
Let h(u) = -6*u**2 - 552*u + 10370. Determine h(16).
2
Let y(r) = 2*r**3 + 118*r**2 + 75*r + 81. Calculate y(-58).
2459
Let o(b) = -b**3 + 9*b**2 - 5*b + 37. Determine o(8).
61
Let h(d) = -34*d**3 - 4*d**2 - 71*d - 226. Calculate h(-3).
869
Let r(d) = -5*d**2 + 1138*d + 7478. What is r(234)?
-10
Let i(k) = -276*k + 5229. Determine i(18).
261
Let n(j) = -j**3 + 46*j**2 - 493*j - 123. Give n(29).
-123
Let i(r) = 15*r**2 - 3785*r + 116869. What is i(36)?
49
Let q(x) = -3*x**3 + 1842*x**2 - 2392*x + 549. Calculate q(1).
-4
Let x(t) = 3*t**2 - 444*t + 11608. Determine x(26).
2092
Let w(c) = 6609*c + 91944. Determine w(-14).
-582
Let m(o) = -66*o**2 + 931*o - 112. Determine m(14).
-14
Let h(a) = -a**3 + 25*a**2 - 81*a - 56. Determine h(21).
7
Let j(h) = -10976*h + 339797. Give j(31).
-459
Let u(w) = -293513*w + 2348098. Calculate u(8).
-6
Let s(o) = 9*o**2 + 28*o - 4941. Give s(-25).
-16
Let s(h) = -3247*h - 344183. Give s(-106).
-1
Let h(y) = 7*y**2 + 171*y + 855. Give h(-15).
-135
Let z(f) = -f**3 + 10*f**2 - 466*f + 3602. What is z(8)?
2
Let z(l) = -335*l + 925. Give z(6).
-1085
Let g(n) = n**3 + 40*n**2 + 407*n + 61. Determine g(-18).
-137
Let w(q) = 44919*q + 718699. What is w(-16)?
-5
Let b(y) = -y**3 + 12*y**2 + 50847*y - 559433. Calculate b(11).
5
Let v(w) = 71208*w + 2705898. What is v(-38)?
-6
Let k(w) = 2922*w + 81797. What is k(-28)?
-19
Let o(w) = -w**2 + 36*w + 1819. Determine o(64).
27
Let p(v) = 77367*v + 851028. Calculate p(-11).
-9
Let d(y) = -y**3 - 16*y**2 - 117*y - 103. Determine d(-7).
275
Let i(u) = -9*u**3 - 181*u**2 - 99*u - 1867. Give i(-20).
-287
Let t(d) = -d**2 + 158*d - 3783. Determine t(129).
-42
Let s(o) = o**2 + 202*o - 2776. What is s(13)?
19
Let l(d) = -9682*d - 3098224. Give l(-320).
16
Let a(d) = 9*d**2 + 268*d - 5109. Calculate a(-43).
8
Let c(s) = 42*s - 4974. Calculate c(124).
234
Let l(u) = -13539*u + 13028. What is l(1)?
-511
Let z(q) = 5*q + 393. Give z(-65).
68
Let b(t) = 7*t**2 - 15717*t - 173703. What is b(-11)?
31
Let w(i) = 10*i**2 - 2221*i - 186266. What is w(287)?
-3
Let o(j) = -3*j**3 + 417*j**2 + 748*j - 103949. Calculate o(139).
23
Let w(u) = -13*u**2 - 241*u - 1118. Calculate w(-10).
-8
Let v(b) = -5*b**3 + 46*b**2 - 61*b + 585. Calculate v(9).
117
Let i(w) = -w**3 - 154*w**2 - 120*w + 5018. What is i(-153)?
-31
Let d(t) = -4*t**3 + 176*t**2 - 9*t + 330. Give d(44).
-66
Let d(z) = 70*z + 10602. Calculate d(-135).
1152
Let h(k) = k**2 + 266*k + 517. What is h(-264)?
-11
Let g(b) = 24760*b - 49278. What is g(2)?
242
Let w(f) = 12709*f + 76213. Calculate w(-6).
-41
Let j(s) = s**3 - 51*s**2 + 3015*s - 142929. Give j(49).
4
Let g(i) = -i**3 - 346*i**2 - 5352*i - 23766. Determine g(-330).
-6
Let h(b) = 46*b**2 + 535*b + 4. What is h(-4)?
-1400
Let n(z) = -20491*z - 184438. Calculate n(-9).
-19
Let x(d) = -15*d**2 + 152*d - 1618. What is x(15)?
-2713
Let m(k) = k**3 + 5*k**2 - 24*k - 128. Determine m(10).
1132
Let x(q) = -27185*q + 516483. What is x(19)?
-32
Let x(h) = -2231195*h - 4462398. What is x(-2)?
-8
Let k(r) = 9*r**2 + 139*r - 416. What is k(-22)?
8